-3*m + 19 + 17. What is the greatest common factor of k and 48?
6
Let l be (1 - 4)*(6 + -7). Suppose -39 = -y - 4*b + 97, -l*y = -4*b - 408. Suppose -2*z + 51 = z. Calculate the highest common factor of y and z.
17
Suppose -6*f = -9*f + 231. Calculate the greatest common factor of 11 and f.
11
Suppose 0 = 5*l + 5*i - 5, 0 = 3*l + 2*i - 3. Let t be (l + -1)/(-1 - -2). Suppose 44 = 2*k - t*k. Calculate the greatest common factor of 242 and k.
22
Let c be 0*(2 - 14/6). Suppose c = 4*g + g - 2*s - 116, -g = -s - 25. Let w be (-6)/(26/(-22) - -1). What is the greatest common divisor of w and g?
11
Let k(x) = x**2 - 3. Let f be k(2). Let t(m) = 7*m + 1. Let i be t(2). Suppose 0 = -l + 4*l - i. What is the greatest common factor of f and l?
1
Suppose 6 = -0*q + 3*q. Let m(i) = 42*i. Let y be m(q). What is the highest common factor of y and 21?
21
Let r = 131 - -79. What is the greatest common divisor of 30 and r?
30
Let g(t) = 14*t + 11. Let n be g(5). What is the greatest common divisor of 9 and n?
9
Suppose -8 - 13 = -3*b. Let k(f) = -f**3 + 10*f**2 - 8*f - 1. Let t be k(b). Calculate the greatest common divisor of t and 10.
10
Let o(k) be the third derivative of 7*k**5/60 + k**4/12 - k**3/3 + 4*k**2. Let p be o(-3). What is the highest common divisor of 11 and p?
11
Suppose 0 = -42*i + 43*i - 119. What is the highest common factor of i and 17?
17
Let x be 4 - (1 + (-51)/3). Calculate the greatest common divisor of 160 and x.
20
Suppose -3*x + 253 = 37. What is the greatest common factor of 18 and x?
18
Let u(m) = 5*m. Let p be u(1). Calculate the highest common factor of 55 and p.
5
Let f(h) = 12*h - 44. Let g be f(4). Let z be 62/4 + 1/2. Calculate the greatest common divisor of g and z.
4
Let u(h) = h**2 - 10*h - 13. Let v be u(11). Let p be -3*1*v/3. Suppose -106 = -p*t - o, -5*t - 76 = 4*o - 347. Calculate the highest common factor of 17 and t.
17
Let p = -21 - -31. Let q(u) = u**2 - u + 14. Let k be q(0). Suppose 5*t - 214 = -k. What is the highest common divisor of p and t?
10
Suppose -15*c + 18*c = 150. Let r = -3 - -13. What is the greatest common factor of r and c?
10
Suppose 0 = -5*y - 4*x + 42, 5*y - 1 = 3*x + 55. Suppose y - 65 = -5*m. Calculate the greatest common divisor of 77 and m.
11
Let i = -12 + 21. Let r = -6 + 10. Let x = i - r. What is the greatest common divisor of 35 and x?
5
Suppose 5*h = -2*t - 17, h + 0*h = -5*t - 77. Let m = -10 - t. Let d = -33 - -35. Calculate the greatest common divisor of m and d.
2
Let c(j) = j**3 + 11*j**2 - 14*j + 4. Let s be c(-12). Suppose 2*q + s = 6*q. What is the greatest common divisor of q and 35?
7
Suppose 0 = c - 4*l - 38, -4*c + 5*l + 97 = -0*l. Suppose -7*u = -9*u - 4. Let g be c + 2/u*-2. What is the highest common divisor of g and 60?
20
Let p be (18/(-15))/(4/(-10)). Suppose -k - p = -4. What is the greatest common factor of 9 and k?
1
Suppose -s = -8*s + 1960. What is the greatest common factor of 35 and s?
35
Suppose -o + 2*y = -6*o + 15, 2*y + 20 = 2*o. What is the highest common factor of o and 45?
5
Suppose 6 = -h - 22. Suppose 0 = -7*y + 2*y - 315. Let j = h - y. What is the greatest common factor of 14 and j?
7
Let p = -3 + 73. Calculate the highest common factor of 14 and p.
14
Suppose -3*w = 3*x + 3, -5 = 3*x + 1. Let r be 64/4 - (-1)/w. Suppose -3*p = -c - 49, 5*c = 4*p - 40 - 18. What is the highest common divisor of p and r?
17
Let s = -53 + 34. Let i = -16 - s. What is the highest common divisor of 3 and i?
3
Let u(c) = -12*c**3 + 2*c + 1. Let a(l) = -l**2 - 4*l + 4. Let i be a(-5). Let r be u(i). Let z be (1/3)/(1/3). Calculate the greatest common factor of r and z.
1
Suppose 4*q - 108 = 4*m, 0 = -m - 0*m + 2*q - 24. Let p be ((-8)/(-10))/((-2)/m). Let j = p - -1. What is the highest common factor of 65 and j?
13
Suppose -5*f + 14 = 3*z - 15, 3*z + 4*f - 34 = 0. Let p(b) = 2*b**2 - 2*b - 3. Let a be p(3). Calculate the highest common factor of z and a.
9
Let i = -18 - -31. What is the greatest common factor of 78 and i?
13
Let j(s) = 2*s**3 - 5*s**2 + 2*s - 6. Let y be j(4). Let z = -91 + 58. Let x = -23 - z. What is the highest common divisor of y and x?
10
Let o(t) = -t + 4. Let k be o(-4). What is the highest common factor of k and 6?
2
Let p be 1 + -2 + 1 - (9 + -11). Calculate the highest common divisor of p and 1.
1
Suppose -105 = -8*h + 23. Calculate the greatest common factor of h and 176.
16
Let f = 55 - 33. Calculate the greatest common factor of 2 and f.
2
Suppose -7*m + 615 = -2*m. Let s = m + 157. Suppose u = 5*t - 430, 3*t = 3*u + 2*u + s. Calculate the greatest common divisor of 17 and t.
17
Let z be 4/10*40/2. Let k(a) = a**2 + 6*a - 184. Let g be k(-18). Calculate the highest common factor of z and g.
8
Let b(d) = -d**2 + 29*d + 22. Let i be b(23). What is the highest common factor of i and 32?
32
Let o(d) = 15*d**3 + 3*d**2 - 2*d - 2. Let j = -7 + 9. Let u be o(j). Let s be 17 + (0 - -2 - 1). Calculate the greatest common factor of s and u.
18
Let j = -52 + 82. What is the highest common factor of j and 60?
30
Let f(q) = -27*q + 3. Let s be f(-4). Suppose -39 - s = -5*b. Calculate the greatest common divisor of b and 75.
15
Let d = 5 - -3. Suppose -8*y = -25*y + 408. What is the greatest common divisor of y and d?
8
Let x be ((-6)/4)/((-9)/24). Suppose -2*o - 3*h + 106 = -0*o, x*o = -5*h + 210. Calculate the highest common divisor of 5 and o.
5
Let g be (-14)/(-217) - 3902/(-62). Let w(r) = 2*r**2 - 1. Let z be w(-2). Calculate the highest common factor of z and g.
7
Let y be 48/(-1)*6/(-18). Let k(r) be the second derivative of r**4/12 + r**3/2 - r**2 - 3*r. Let l be k(-6). Calculate the highest common divisor of l and y.
16
Let x = 39 + -29. What is the highest common divisor of 80 and x?
10
Let t(m) = -m**2 - 4*m - 2. Let v be t(-2). Suppose v*a + 50 = h, 0*h + a = 4*h - 165. Let i = 19 + 1. Calculate the highest common factor of i and h.
20
Let u = -133 - -188. Suppose 0 = 7*v - 2*v - u. Calculate the greatest common divisor of 88 and v.
11
Let a be 30 - 35 - (-18 - 0). Calculate the greatest common divisor of 52 and a.
13
Let k = -122 + 131. What is the greatest common divisor of 6 and k?
3
Suppose 3*q - 63 = -9. What is the greatest common factor of q and 6?
6
Let r = 28 + -13. What is the greatest common factor of r and 15?
15
Suppose -j = -0*q - 5*q + 41, -3*q - j = -23. What is the greatest common factor of 56 and q?
8
Suppose 0*s = -3*s + 9. Suppose 0 = -s*t - c + 275, t - 110 = -6*c + 2*c. Calculate the greatest common divisor of 10 and t.
10
Let a = -37 - -61. Let o be 288/84*42/4. What is the highest common factor of a and o?
12
Let s(m) = -48*m - 9. Let b be s(-5). Calculate the highest common factor of b and 21.
21
Suppose 0 = -26*u + 27*u - 32. Calculate the highest common divisor of 48 and u.
16
Suppose 2*d - 34 = 5*q, -q + 5*q + 37 = 3*d. Let n = -8 - -14. Let h = d - n. What is the highest common factor of 2 and h?
1
Suppose -4*w - 5*p + 17 + 61 = 0, 3*p + 6 = 0. What is the greatest common divisor of 22 and w?
22
Let o be 59 + 5 + -11 + 3. Let n be (0 - -2)*(-15)/2. Let i = n - -22. Calculate the greatest common divisor of o and i.
7
Let y be (-4)/(-10) + (-102)/5. Let w = -19 - y. Calculate the highest common factor of w and 4.
1
Let c be 4/6 + (-123)/9. Let j = -7 - c. Calculate the greatest common divisor of j and 30.
6
Suppose -142 = -4*l - 5*t, 4*l - 2*l - 76 = -5*t. Calculate the greatest common divisor of l and 3.
3
Let n(p) = 26*p - 5. Let v be n(5). Suppose 6*f + 5 = v. Calculate the highest common factor of 140 and f.
20
Let s(j) = 3*j**2 - 2*j + 4. Let z be s(-4). Calculate the greatest common factor of 90 and z.
30
Let i = -20 + 28. Suppose -3*d = d - i. What is the highest common divisor of d and 10?
2
Suppose u = -4*u + 70. Let n be (-340)/(-35) + 4/u. Suppose 4*r - 2*r - n = 0. Calculate the highest common factor of 55 and r.
5
Suppose 6*r - 99 = 9. Calculate the greatest common divisor of r and 9.
9
Let b(p) = p**2 + p - 5. Let s be b(-6). Suppose 2*v = 6 + 14. What is the greatest common factor of s and v?
5
Let d = 113 - 73. Suppose -4*q + 8 = -4*g, 6*g - 3*q = 4*g - 1. Let x = g - -15. What is the greatest common factor of d and x?
10
Let m(k) = -3*k - 4. Let j be m(7). Let r = j - -35. Let s = 25 + -15. Cal